et b = 13 + 3. What is the highest common factor of b and r?
8
Suppose -9*b + 38 = 20. Calculate the highest common factor of b and 7.
1
Suppose -3*z = 5*h - 27, -4*z + 3 = 2*h - 19. Suppose -z*q + 4 = 4*w, -5*w + 10*w - 8 = -4*q. What is the greatest common divisor of w and 4?
4
Let x be ((-6)/5)/((-6)/75). What is the highest common factor of x and 15?
15
Suppose 70 - 10 = 3*d. Let a(g) = -g**2 + 93. Let l be a(0). Let q = l - 43. Calculate the greatest common factor of d and q.
10
Suppose -3*c + 10 = 2*c. Let f be 34/8 - c/8. Suppose f*n - 57 = 383. Calculate the greatest common divisor of 44 and n.
22
Suppose -4*a + 3*a = 0. Suppose 4*z - 6 - 10 = a. Calculate the greatest common factor of 28 and z.
4
Suppose 5*u - 3*p - 103 + 5 = 0, -5*u + 114 = p. Suppose 4*l - 2 = u. What is the greatest common divisor of 4 and l?
2
Let u(b) = b**3 - 3*b**2 - 5*b + 1. Let o(v) = -v**3 - v**2 - v + 5. Let a be o(0). Let l be u(a). Calculate the greatest common factor of l and 39.
13
Let v be (-4)/(-14) + 4892/28. Suppose -v = -3*z + 68. Let y = -6 + 15. Calculate the highest common divisor of y and z.
9
Suppose 2*w + 1224 = 14*w. Calculate the greatest common divisor of 68 and w.
34
Let t be 414/(-12)*(-4)/(-6). Let z = 32 + t. Calculate the highest common factor of z and 27.
9
Let q = 0 + -2. Let k be 16 - (-2 + q + 2). Suppose 0 = -4*f - 2*n + 28 + 2, 18 = 3*f + 3*n. What is the greatest common divisor of f and k?
9
Suppose -11*h + 7*h = -48. Let w be (-20)/(-6) - h/(-18). What is the greatest common divisor of w and 10?
2
Suppose 0 = 10*w - 15*w + 440. Let o(g) = 10*g + 1. Let x be o(1). What is the highest common factor of x and w?
11
Suppose -2*a = -5 + 3. Let l = 13 - a. Suppose 3*z - 178 = -2*x, 3*z - 2*x - 126 = 56. What is the greatest common divisor of l and z?
12
Let w be 40/12 + (-4)/(-6). Suppose w*l = 8 + 40. Let y(g) = g**3 - g**2 + 15*g + 132. Let t be y(0). What is the greatest common divisor of t and l?
12
Let q(b) = 5*b - 6. Let r be q(9). What is the greatest common factor of r and 273?
39
Suppose -3*c = -0*c + 93. Let a = 49 + c. Calculate the greatest common divisor of 9 and a.
9
Let z be (-2)/6 - (-7 - (-493)/(-3)). What is the greatest common factor of 19 and z?
19
Let o(a) = -a**3 - 6*a**2 - 2*a - 1. Let t be o(-6). Let r(v) = -2*v - 3 - 4 + 0*v - v. Let h be r(-6). What is the greatest common factor of h and t?
11
Suppose -2*g - 45 = 67. Let d = g - -100. Let h(j) = -j**2 - j + 4. Let z be h(0). What is the highest common factor of d and z?
4
Let h = 38 + 52. Calculate the highest common factor of h and 10.
10
Suppose -a - s - 3*s + 9 = 0, -2*s = -3*a + 27. Suppose -q + 0*q = -36. Calculate the highest common factor of q and a.
9
Let k(t) = t**3 - 2*t**2 + t. Let s be k(2). Let v(w) = 8*w**2 + w. Let m be v(s). Suppose -5*q = -3*q - m. Calculate the highest common factor of 68 and q.
17
Let h(n) = -7*n - 24. Let q be h(-6). Calculate the highest common divisor of 54 and q.
18
Let o be -1*(-4)/(20/55). Calculate the highest common factor of o and 22.
11
Suppose -3*c - 44 = -7*c. Calculate the highest common divisor of c and 22.
11
Let a = 35 + 1. Let q(i) = i**2 + i - 4. Let c be q(-3). Let s(m) = m**3 + 2*m**2 + m. Let b be s(c). Calculate the highest common factor of a and b.
18
Suppose 0 = 2*d + 2*y + 10, d + 0*d + 5*y = -25. Suppose d = b + b - 54. What is the greatest common factor of b and 3?
3
Let o = -15 + 11. Let j be (4/10)/(o/(-180)). What is the highest common divisor of 2 and j?
2
Let l(z) = z**2 + 9*z + 6. Let t be l(-7). Let r(n) = -9*n + 3. Let u be r(t). What is the highest common divisor of 15 and u?
15
Suppose u = -3*u + 72. Let q(m) be the first derivative of m**4/4 + 5*m**3/3 - 7*m**2/2 + 1. Let n be q(-6). Calculate the highest common factor of n and u.
6
Suppose 107 = -n - 2*n - 5*k, -5*k = 20. Let i = -16 - n. What is the highest common divisor of 91 and i?
13
Suppose -8 - 73 = -3*h. Calculate the greatest common factor of 9 and h.
9
Suppose c - 1 = -d + 5*c, -4*c = -3*d + 19. Let q be 0 - 0 - 0 - -4. Let n = q - -14. What is the highest common factor of n and d?
9
Let k(i) = -i**2 - 12*i - 14. Let f be k(-10). What is the highest common divisor of 12 and f?
6
Let i be (-7)/28 - 25/(-4). Let c be (1 + -3)/((-3)/i). What is the highest common divisor of 4 and c?
4
Let f be ((-30)/4)/((-1)/2). Let r(a) = -a**2 - 6*a - 6. Let n be r(-6). Let x(z) = -5*z. Let m be x(n). What is the highest common factor of m and f?
15
Let v(g) = g - 20. Let h be v(21). What is the greatest common divisor of h and 4?
1
Let m be 77 + (1 + -3)/1. What is the highest common divisor of 15 and m?
15
Let i = 12 + -7. Let c = -5 + i. Suppose 2*t - t - 5 = c. What is the highest common divisor of 5 and t?
5
Let z(w) = -3 - 4*w - 8*w**2 - 4 + w**3 - 4. Let j be z(9). Suppose 4*d - 12 = 0, 3*d - d - j = -b. What is the greatest common divisor of b and 7?
7
Let b = 5 - 5. Let y be b/(-2 - (0 + -3)). Suppose m - 20 = -c, -3*m + c - 2*c + 50 = y. Calculate the highest common factor of 6 and m.
3
Let y(c) = c**3 + 7*c**2 - 10*c - 9. Let d be y(-8). Let q = 13 - d. Let x = -5 + 14. Calculate the greatest common divisor of q and x.
3
Let r(y) = y - 5. Let i be r(5). Let o be (3/3 + i)*2. Calculate the greatest common divisor of o and 18.
2
Suppose -z - 12 = 3*z, 0 = 2*d + 2*z - 2. Let c = -6 + d. Let b be (-50)/(c + 0) - 1. Calculate the greatest common factor of 6 and b.
6
Suppose 4 = m - 0*m. What is the highest common factor of m and 44?
4
Let z be -4*(-4)/16 + 10. Calculate the highest common divisor of 44 and z.
11
Let u = 31 - 18. Let h = 31 - u. Calculate the highest common divisor of h and 9.
9
Suppose -1 = -3*l + 32. What is the greatest common divisor of 33 and l?
11
Let g(u) = u**2 - 2*u - 4. Let p be g(5). Let k(q) = -25*q - 1. Let i be 1 + -6 + 2 + -1. Let f be k(i). What is the greatest common factor of f and p?
11
Let g(n) be the first derivative of -n**4 + n**2 + 3*n + 4. Let u be g(-2). Calculate the highest common divisor of 217 and u.
31
Let v = 43 + -7. What is the highest common factor of 9 and v?
9
Let v(p) = 10*p - 39. Let w be v(26). Calculate the highest common divisor of 13 and w.
13
Let s(d) = -d. Let t be s(-6). Let z = -1 - -2. Let r be ((-9)/6)/(z/(-36)). Calculate the greatest common divisor of t and r.
6
Let b(i) = -i**2 + 1. Let x be b(1). Let q = x + 1. Let t(j) = j**2 + 8*j - 9. Let h be t(-10). Calculate the highest common divisor of q and h.
1
Let h = 86 + -50. Calculate the highest common divisor of 4 and h.
4
Suppose -5*k + 4*y = -2*k - 276, 0 = -2*k - 4*y + 204. What is the highest common factor of 32 and k?
32
Let d(u) = u**2 + u + 22. Let n be d(0). Calculate the highest common divisor of n and 110.
22
Suppose 2*l - 31 = -7*y + 4*y, 10 = 2*l. Suppose 4*q = 4*h + 12, 4*q + y = 3*h + 5*q. What is the highest common divisor of 8 and h?
1
Let k be 2/(-4)*1*-4. Suppose -3*i + k*r + 104 = 6*r, 2*r + 38 = i. Suppose -3*x + i = x. What is the highest common divisor of 63 and x?
9
Let a be (-3)/12 - (-9)/4. Suppose 0 = -f + 2*f - a. Suppose -y = f*y + 4*g - 187, 3*y - 2*g - 199 = 0. What is the greatest common factor of y and 26?
13
Let b be (33/6)/(3/30). Calculate the highest common factor of b and 11.
11
Suppose -2*s + 12 - 8 = 0. Let h(a) = a**2 + 4*a + 2. Let v be h(-4). Suppose -v*d = d - 24. What is the highest common divisor of d and s?
2
Let n be 88/(-16)*(-9 - -3). Calculate the highest common divisor of 66 and n.
33
Let l = -16 - -22. Suppose -2 = -2*z + l. What is the greatest common divisor of z and 20?
4
Let d = -2 - -10. Suppose b + 124 = -2*v - 0*b, 0 = 5*v + 4*b + 304. Let x be (-1)/(-1 - 62/v). Calculate the greatest common factor of d and x.
8
Let i be (-19)/114 + (-758)/(-12). Let h be 3/(-6) - (-38)/4. Calculate the highest common divisor of i and h.
9
Let f = 21 + -11. Calculate the highest common factor of f and 70.
10
Suppose 3*x - 68 = -3*y - 14, -4*y = -4*x - 56. Let n(s) = s**3 - 2*s**2 + s + 4. Let h be n(0). Calculate the highest common factor of h and y.
4
Suppose -z + 2*g + 8 = 0, -3*g + 0 - 3 = 0. Let r(u) = -4*u + u**2 + 2 - 6 - 2. Let t be r(z). Calculate the greatest common divisor of t and 36.
6
Let q(z) = z - 3. Let v be q(7). Suppose 3*g - 12 = 0, v*j - g = g + 124. Wh